{"id":814,"date":"2021-06-24T20:33:54","date_gmt":"2021-06-24T18:33:54","guid":{"rendered":"https:\/\/pqsense.pl\/?page_id=814"},"modified":"2025-10-10T12:06:32","modified_gmt":"2025-10-10T10:06:32","slug":"kontakt-2","status":"publish","type":"page","link":"https:\/\/pqsense.eu\/?page_id=814&lang=cs","title":{"rendered":"Kontakt (cz)"},"content":{"rendered":"<!-- wp:themify-builder\/canvas \/-->\n\n\n<p><\/p>\n\n\n<!--themify_builder_static--><p>M\u00e1te-li technick\u00e9 nebo obchodn\u00ed dotazy, kontaktujte n\u00e1s.<\/p>\n<h4>Info<\/h4>\n<em style=\"background-color: #4d7de1;color: #edf3ff\"><svg aria-hidden=\"true\"><use href=\"#tf-fas-phone\"><\/use><\/svg><\/em> +48 22 7517680 <em style=\"background-color: #4d7de1;color: #edf3ff\"><svg aria-hidden=\"true\"><use href=\"#tf-far-envelope\"><\/use><\/svg><\/em> info@pqsense.eu\n<h4>Elproma Elektronika Sp. z o.o.<\/h4>\n<p>ul. Du\u0144ska 2a<br \/>05-152 Czosn\u00f3w<br \/>Polsko<\/p> <h4><strong>Eltronika Sp. z o.o.<\/strong><\/h4> <p>\u010cesk\u00e1 republika: +48 518 105 202, +420 228880487<br \/>Slovensko: +421 904 540 707<\/p> <p>\u00a0<\/p>\nPQSense<!--\/themify_builder_static-->","protected":false},"excerpt":{"rendered":"<p>M\u00e1te-li technick\u00e9 nebo obchodn\u00ed dotazy, kontaktujte n\u00e1s. Info +48 22 7517680 info@pqsense.eu Elproma Elektronika Sp. z o.o. ul. Du\u0144ska 2a05-152 Czosn\u00f3wPolsko Eltronika Sp. z o.o. \u010cesk\u00e1 republika: +48 518 105 202, +420 228880487Slovensko: +421 904 540 707 \u00a0 PQSense<\/p>\n","protected":false},"author":1,"featured_media":0,"parent":0,"menu_order":0,"comment_status":"closed","ping_status":"closed","template":"","meta":{"footnotes":""},"class_list":["post-814","page","type-page","status-publish","hentry","has-post-title","has-post-date","has-post-category","has-post-tag","has-post-comment","has-post-author",""],"builder_content":"<p>M\u00e1te-li technick\u00e9 nebo obchodn\u00ed dotazy, kontaktujte n\u00e1s.<\/p>\n<h4>Info<\/h4>\n<em style=\"background-color: #4d7de1;color: #edf3ff\"><svg aria-hidden=\"true\"><use href=\"#tf-fas-phone\"><\/use><\/svg><\/em> +48 22 7517680 <em style=\"background-color: #4d7de1;color: #edf3ff\"><svg aria-hidden=\"true\"><use href=\"#tf-far-envelope\"><\/use><\/svg><\/em> info@pqsense.eu\n<h4>Elproma Elektronika Sp. z o.o.<\/h4>\n<p>ul. Du\u0144ska 2a<br \/>05-152 Czosn\u00f3w<br \/>Polsko<\/p> <h4><strong>Eltronika Sp. z o.o.<\/strong><\/h4> <p>\u010cesk\u00e1 republika: +48 518 105 202, +420 228880487<br \/>Slovensko: +421 904 540 707<\/p> <p>\u00a0<\/p>","_links":{"self":[{"href":"https:\/\/pqsense.eu\/index.php?rest_route=\/wp\/v2\/pages\/814","targetHints":{"allow":["GET"]}}],"collection":[{"href":"https:\/\/pqsense.eu\/index.php?rest_route=\/wp\/v2\/pages"}],"about":[{"href":"https:\/\/pqsense.eu\/index.php?rest_route=\/wp\/v2\/types\/page"}],"author":[{"embeddable":true,"href":"https:\/\/pqsense.eu\/index.php?rest_route=\/wp\/v2\/users\/1"}],"replies":[{"embeddable":true,"href":"https:\/\/pqsense.eu\/index.php?rest_route=%2Fwp%2Fv2%2Fcomments&post=814"}],"version-history":[{"count":10,"href":"https:\/\/pqsense.eu\/index.php?rest_route=\/wp\/v2\/pages\/814\/revisions"}],"predecessor-version":[{"id":1244,"href":"https:\/\/pqsense.eu\/index.php?rest_route=\/wp\/v2\/pages\/814\/revisions\/1244"}],"wp:attachment":[{"href":"https:\/\/pqsense.eu\/index.php?rest_route=%2Fwp%2Fv2%2Fmedia&parent=814"}],"curies":[{"name":"wp","href":"https:\/\/api.w.org\/{rel}","templated":true}]}}