{"id":27,"date":"2013-09-27T19:47:30","date_gmt":"2013-09-27T17:47:30","guid":{"rendered":"https:\/\/themify.me\/demo\/themes\/bizco\/?page_id=2100"},"modified":"2025-10-17T12:27:14","modified_gmt":"2025-10-17T10:27:14","slug":"home","status":"publish","type":"page","link":"https:\/\/pqsense.eu\/","title":{"rendered":"System wczesnego rozpoznawania po\u017car\u00f3w w energetyce"},"content":{"rendered":"\n<div class=\"wp-block-columns is-layout-flex wp-container-core-columns-is-layout-9d6595d7 wp-block-columns-is-layout-flex\">\n<div class=\"wp-block-column is-layout-flow wp-block-column-is-layout-flow\" style=\"flex-basis:100%\">\n<p class=\"has-text-align-center\" style=\"font-size:32px\"><strong><strong>Monitoring temperatury &#8211; zapobieganie po\u017carom w energetyc<\/strong>e<\/strong><\/p>\n<\/div>\n<\/div>\n\n\n\n<p><\/p>\n\n\n\n<div class=\"wp-block-group alignfull\"><div class=\"wp-block-group__inner-container is-layout-constrained wp-block-group-is-layout-constrained\">\n<figure class=\"wp-block-embed is-type-video is-provider-youtube wp-block-embed-youtube wp-embed-aspect-16-9 wp-has-aspect-ratio\"><div class=\"wp-block-embed__wrapper\">\n<div class=\"post-video\"><iframe loading=\"lazy\" title=\"www.PQSense.eu  - Bezprzewodowy RFID Monitoring Temperatury element\u00f3w pracuj\u0105cych pod napi\u0119ciem.\" width=\"1165\" height=\"655\" src=\"https:\/\/www.youtube.com\/embed\/JFRR2Dx_kXM?feature=oembed\" frameborder=\"0\" allow=\"accelerometer; autoplay; clipboard-write; encrypted-media; gyroscope; picture-in-picture; web-share\" referrerpolicy=\"strict-origin-when-cross-origin\" allowfullscreen><\/iframe><\/div>\n<\/div><\/figure>\n<\/div><\/div>\n\n\n\n<p><\/p>\n\n\n<!-- wp:themify-builder\/canvas \/-->","protected":false},"excerpt":{"rendered":"<p>Monitoring temperatury &#8211; zapobieganie po\u017carom w energetyce<\/p>\n","protected":false},"author":1,"featured_media":0,"parent":0,"menu_order":0,"comment_status":"closed","ping_status":"closed","template":"","meta":{"footnotes":""},"class_list":["post-27","page","type-page","status-publish","hentry","has-post-title","has-post-date","has-post-category","has-post-tag","has-post-comment","has-post-author",""],"builder_content":"<h3 class='tb-menu-title'>PQSense zapobiega po\u017carom podstacji energetycznych. To telemetryczny bezprzewodowy (RFID) system ci\u0105g\u0142ego monitorowania temperatury na elementach energetyki pracuj\u0105cych pod niskim i \u015brednim napi\u0119ciem. Jest kompletnym, skalowalnym rozwi\u0105zaniem dopasowywanym do wielko\u015bci i architektury podstacji. Zastosowana technologia RFID czyni go wa\u017cnym systemem bezpiecze\u0144stwa. Zast\u0119puje lub uzupe\u0142nia dotychczasowy system termowizyjnych kamer.<\/h3>\n<a href=\"https:\/\/pqsense.eu\/?page_id=509\" > <img loading=\"lazy\" decoding=\"async\" src=\"https:\/\/pqsense.eu\/wp-content\/uploads\/2021\/06\/favicon-100x100.png\" width=\"100\" height=\"100\" title=\"favicon\" alt=\"Technologia monitorowania RFID\" srcset=\"https:\/\/pqsense.eu\/wp-content\/uploads\/2021\/06\/favicon-100x100.png 100w, https:\/\/pqsense.eu\/wp-content\/uploads\/2021\/06\/favicon-150x150.png 150w, https:\/\/pqsense.eu\/wp-content\/uploads\/2021\/06\/favicon-200x200.png 200w, https:\/\/pqsense.eu\/wp-content\/uploads\/2021\/06\/favicon.png 160w\" sizes=\"auto, (max-width: 100px) 100vw, 100px\" \/> <\/a> \n <h3 class='tb-menu-title'>Technologia monitorowania RFID<\/h3> Technologia sensoryczna RFID. Cyfrowa, pasywna, bezbateryjna, bezpieczna i \u0142atwa we wdro\u017ceniu.\n<a href=\"https:\/\/pqsense.eu\/?page_id=513\" > <img loading=\"lazy\" decoding=\"async\" src=\"https:\/\/pqsense.eu\/wp-content\/uploads\/2021\/06\/36f71c254209fbcc4fe83f1b8434c4ef_6-300x184-200x122.jpg\" width=\"200\" height=\"122\" title=\"Rozdzielnia elektryczna\" alt=\"Monitorowanie temperatury element\u00f3w sieci energetycznej\"> <\/a> \n <h3 class='tb-menu-title'>Monitorowanie temperatury element\u00f3w sieci energetycznej<\/h3> Bezpiecznie pracuje w sieciach NN jak i SN do 15kV\n<a href=\"https:\/\/pqsense.eu\/?page_id=366\" > <img loading=\"lazy\" decoding=\"async\" src=\"https:\/\/pqsense.eu\/wp-content\/uploads\/2021\/06\/IMG20161128111401-300x194-200x129.jpg\" width=\"200\" height=\"129\" title=\"IMG20161128111401\" alt=\"Szeroki zakres sensor\u00f3w\" srcset=\"https:\/\/pqsense.eu\/wp-content\/uploads\/2021\/06\/IMG20161128111401-300x194-200x129.jpg 200w, https:\/\/pqsense.eu\/wp-content\/uploads\/2021\/06\/IMG20161128111401-300x194.jpg 300w, https:\/\/pqsense.eu\/wp-content\/uploads\/2021\/06\/IMG20161128111401-768x496.jpg 768w, https:\/\/pqsense.eu\/wp-content\/uploads\/2021\/06\/IMG20161128111401.jpg 800w\" sizes=\"auto, (max-width: 200px) 100vw, 200px\" \/> <\/a> \n <h3 class='tb-menu-title'>Szeroki zakres sensor\u00f3w<\/h3> Oferta sensor\u00f3w zaspokoi ka\u017cde potrzeby w zakresie monitorowania rozdzielnic energetycznych\n<img loading=\"lazy\" decoding=\"async\" src=\"https:\/\/pqsense.eu\/wp-content\/uploads\/2021\/06\/Reader-8-5-300x300-200x200.jpg\" width=\"200\" height=\"200\" title=\"Reader 8 5\" alt=\"Kontrolery od 4 do 8 anten RFID\" srcset=\"https:\/\/pqsense.eu\/wp-content\/uploads\/2021\/06\/Reader-8-5-300x300-200x200.jpg 200w, https:\/\/pqsense.eu\/wp-content\/uploads\/2021\/06\/Reader-8-5-300x300.jpg 300w, https:\/\/pqsense.eu\/wp-content\/uploads\/2021\/06\/Reader-8-5-150x150.jpg 150w, https:\/\/pqsense.eu\/wp-content\/uploads\/2021\/06\/Reader-8-5-768x768.jpg 768w, https:\/\/pqsense.eu\/wp-content\/uploads\/2021\/06\/Reader-8-5-350x350.jpg 350w, https:\/\/pqsense.eu\/wp-content\/uploads\/2021\/06\/Reader-8-5.jpg 800w\" sizes=\"auto, (max-width: 200px) 100vw, 200px\" \/> \n <h3 class='tb-menu-title'>Kontrolery od 4 do 8 anten RFID<\/h3> Zapewniaj\u0105 elastyczne rozmieszczenie anten w zale\u017cno\u015bci od potrzeb. Przez \u0142\u0105cze RS485\/Modbus mo\u017cna po\u0142\u0105czy\u0107 kontroler z systemem steruj\u0105cym.\n<img loading=\"lazy\" decoding=\"async\" src=\"https:\/\/pqsense.eu\/wp-content\/uploads\/2021\/06\/C73-300x278-200x185.jpg\" width=\"200\" height=\"185\" title=\"Czytnik rz\u0119czny\" alt=\"R\u0119czny czytnik sensor\u00f3w\" srcset=\"https:\/\/pqsense.eu\/wp-content\/uploads\/2021\/06\/C73-300x278-200x185.jpg 200w, https:\/\/pqsense.eu\/wp-content\/uploads\/2021\/06\/C73-300x278.jpg 300w, https:\/\/pqsense.eu\/wp-content\/uploads\/2021\/06\/C73.jpg 401w\" sizes=\"auto, (max-width: 200px) 100vw, 200px\" \/> \n <h3 class='tb-menu-title'>R\u0119czny czytnik sensor\u00f3w<\/h3> R\u0119czny czytnik pozwala z odleg\u0142o\u015bci do 3 m odczyta\u0107 temeratury wszystkich zamontowanych sensor\u00f3w. Nawet tych schowanych za innymi elementami.\n<img loading=\"lazy\" decoding=\"async\" src=\"https:\/\/pqsense.eu\/wp-content\/uploads\/2021\/06\/Reader-UT-Screenshot-300x249-200x166.jpg\" width=\"200\" height=\"166\" title=\"Reader UT Screenshot\" alt=\"Oprogramowanie na PC\" srcset=\"https:\/\/pqsense.eu\/wp-content\/uploads\/2021\/06\/Reader-UT-Screenshot-300x249-200x166.jpg 200w, https:\/\/pqsense.eu\/wp-content\/uploads\/2021\/06\/Reader-UT-Screenshot-300x249.jpg 300w, https:\/\/pqsense.eu\/wp-content\/uploads\/2021\/06\/Reader-UT-Screenshot-768x638.jpg 768w, https:\/\/pqsense.eu\/wp-content\/uploads\/2021\/06\/Reader-UT-Screenshot.jpg 873w\" sizes=\"auto, (max-width: 200px) 100vw, 200px\" \/> \n <h3 class='tb-menu-title'>Oprogramowanie na PC<\/h3> Oprogramowanie pobiera dane z sensor\u00f3w i wy\u015bwietla je w przejrzystej formie\n<img loading=\"lazy\" decoding=\"async\" src=\"https:\/\/pqsense.eu\/wp-content\/uploads\/2025\/10\/akcesoria2-300x182-200x121.png\" width=\"200\" height=\"121\" title=\"akcesoria2\" alt=\"Akcesoria\" srcset=\"https:\/\/pqsense.eu\/wp-content\/uploads\/2025\/10\/akcesoria2-300x182-200x121.png 200w, https:\/\/pqsense.eu\/wp-content\/uploads\/2025\/10\/akcesoria2-300x182.png 300w, https:\/\/pqsense.eu\/wp-content\/uploads\/2025\/10\/akcesoria2-1024x621.png 1024w, https:\/\/pqsense.eu\/wp-content\/uploads\/2025\/10\/akcesoria2-768x466.png 768w, https:\/\/pqsense.eu\/wp-content\/uploads\/2025\/10\/akcesoria2-1536x932.png 1536w, https:\/\/pqsense.eu\/wp-content\/uploads\/2025\/10\/akcesoria2-2048x1243.png 2048w\" sizes=\"auto, (max-width: 200px) 100vw, 200px\" \/> \n <h3 class='tb-menu-title'>Akcesoria<\/h3> Nieodzown\u0105 sk\u0142adow\u0105 systemu jest komunikacja bezprzewodowa i synchronizacja czasu. PQSense u\u017cywa urz\u0105dzenia firmy ELPROMA: routery GSM i serwery NTP\n<img loading=\"lazy\" decoding=\"async\" src=\"https:\/\/pqsense.eu\/wp-content\/uploads\/2025\/10\/PQsense_demo_sm2-300x225-200x150.png\" width=\"200\" height=\"150\" title=\"PQsense_demo_sm2\" alt=\"Zestaw demonstracyjny\" srcset=\"https:\/\/pqsense.eu\/wp-content\/uploads\/2025\/10\/PQsense_demo_sm2-300x225-200x150.png 200w, https:\/\/pqsense.eu\/wp-content\/uploads\/2025\/10\/PQsense_demo_sm2-300x225.png 300w, https:\/\/pqsense.eu\/wp-content\/uploads\/2025\/10\/PQsense_demo_sm2-1024x769.png 1024w, https:\/\/pqsense.eu\/wp-content\/uploads\/2025\/10\/PQsense_demo_sm2-768x576.png 768w, https:\/\/pqsense.eu\/wp-content\/uploads\/2025\/10\/PQsense_demo_sm2-1536x1153.png 1536w, https:\/\/pqsense.eu\/wp-content\/uploads\/2025\/10\/PQsense_demo_sm2.png 1984w\" sizes=\"auto, (max-width: 200px) 100vw, 200px\" \/> \n <h3 class='tb-menu-title'>Zestaw demonstracyjny<\/h3> Specjalnie przygotowany mobilny zestaw zawiera zminiaturyzowany system PQSence, gotowy pokaza\u0107 w miejscu u klienta jak dzia\u0142a rozwi\u0105zanie pomiaru temepratury","_links":{"self":[{"href":"https:\/\/pqsense.eu\/index.php?rest_route=\/wp\/v2\/pages\/27","targetHints":{"allow":["GET"]}}],"collection":[{"href":"https:\/\/pqsense.eu\/index.php?rest_route=\/wp\/v2\/pages"}],"about":[{"href":"https:\/\/pqsense.eu\/index.php?rest_route=\/wp\/v2\/types\/page"}],"author":[{"embeddable":true,"href":"https:\/\/pqsense.eu\/index.php?rest_route=\/wp\/v2\/users\/1"}],"replies":[{"embeddable":true,"href":"https:\/\/pqsense.eu\/index.php?rest_route=%2Fwp%2Fv2%2Fcomments&post=27"}],"version-history":[{"count":81,"href":"https:\/\/pqsense.eu\/index.php?rest_route=\/wp\/v2\/pages\/27\/revisions"}],"predecessor-version":[{"id":1356,"href":"https:\/\/pqsense.eu\/index.php?rest_route=\/wp\/v2\/pages\/27\/revisions\/1356"}],"wp:attachment":[{"href":"https:\/\/pqsense.eu\/index.php?rest_route=%2Fwp%2Fv2%2Fmedia&parent=27"}],"curies":[{"name":"wp","href":"https:\/\/api.w.org\/{rel}","templated":true}]}}